der when k is divided by o(-4)?
24
Let l(p) = p**2 - p. Let d be l(-1). Suppose k = d*k - 32. What is the remainder when k is divided by 9?
5
Suppose 4*a + 23 = 15. What is the remainder when 29 is divided by 13 - (-9)/(a - 1)?
9
Suppose 0 = 2*m - s + 3*s + 10, 4*s = 0. Let h(q) = -5*q - 19. What is the remainder when 64 is divided by h(m)?
4
Let s(m) = -3*m - 64. Let w be (-8)/(-6)*-6*(-52)/(-16). Calculate the remainder when s(w) is divided by 10.
4
Let b(k) = 22*k - 1. Let m(o) = -2*o**2 - 93*o - 19. Calculate the remainder when b(6) is divided by m(-46).
23
Suppose -5*g - 3*n + 125 = 9, -3*n = -2*g + 38. What is the remainder when 28 is divided by g?
6
Let t(n) = -6*n**3 - n. Let m be t(-1). Suppose -53 = -m*s + 24. What is the remainder when s is divided by 7?
4
Let r(b) = b**3 + 9*b**2 - 8*b + 33. What is the remainder when r(-9) is divided by 36?
33
Suppose -q + 2*r = 3, 3*q - r + 9 = -4*r. Calculate the remainder when (-48)/18*-21*q/(-4) is divided by 15.
12
Let g be 4/(-4) + ((-3)/(-1) - 2). Calculate the remainder when 34 is divided by (g + 1)/((-2)/(-26)).
8
Suppose 2*p - 24 = -2. What is the remainder when 52 is divided by (-9)/(-3) + p + 4?
16
Let h = 17 + -51. Let m = h + 56. Calculate the remainder when m is divided by 4.
2
Suppose 338 + 432 = -7*s. Suppose -4*m = -2*m - 38. What is the remainder when (5 + -6)/((-218)/s - 2) is divided by m?
17
Suppose -55*v + 19468 = -2257. What is the remainder when v is divided by 192?
11
Let q(o) = -77*o + 38*o + 26 + 38*o. Calculate the remainder when q(9) is divided by 10.
7
Suppose 4*y + 12 = -4. Let f(o) = -o**3 - 2*o + 2. Let v be f(y). Suppose 6 = 5*k - v. What is the remainder when 45 is divided by k?
13
Calculate the remainder when 66 is divided by (676/36 - -3) + (-4)/(-18).
0
Calculate the remainder when 77 is divided by ((-12)/(-10))/((-141)/(-1175)).
7
Suppose 0*w - 4*w + 23 = t, -3*w - 3*t = -6. Calculate the remainder when w is divided by ((-198)/(-30) + -7)*-10.
3
Suppose 0*s - 5*f + 208 = 2*s, 3*s - 3*f - 270 = 0. Let w = s - 62. Suppose -5 = -y + 6. What is the remainder when w is divided by y?
10
Let b(q) = -q + 7. Let l be b(3). Suppose -f = -2*f + l. Suppose -3*n - f*i = n - 292, -5*n = 3*i - 375. Calculate the remainder when n is divided by 20.
18
What is the remainder when 42*(3 + (-72)/27) is divided by 3?
2
Let x(w) = 18*w**2 - 11*w + 1. What is the remainder when 197 is divided by x(2)?
44
Suppose 6*d - 590 = d. Suppose -4*s - 5*c = -d - 111, -5*s + 314 = -3*c. What is the remainder when s is divided by 7?
5
Let f be (2 - 10/4)*-6. Suppose -2*w + f*w - 213 = 0. Calculate the remainder when w is divided by 24.
21
Let x = 67 + -94. Let u(k) = 4*k**3 + 4*k**2 - 7*k - 1. Let s be u(-5). What is the remainder when ((-18)/x)/((-4)/s) is divided by 31?
30
Suppose -3*q - 3*x = -x + 19, -3*q - 34 = 5*x. What is the remainder when 18 is divided by ((-1)/1)/(1*q/21)?
4
Let g(x) = x**3 + 19*x**2 - 77*x - 101. What is the remainder when g(-22) is divided by 29?
25
Let n = -26 + 37. Suppose -3*q + 243 = 4*k, -4 = 5*q + n. What is the remainder when k is divided by 32?
31
Suppose 2*x = 3*y + 16, -2*x - 11*y + 7*y = -2. Suppose -3*w + w + 70 = 3*d, 5*d = -5*w + 170. Calculate the remainder when w is divided by x.
2
Let v = -100 + 60. Let a = -8 - v. Calculate the remainder when a is divided by 5.
2
Let t = -322 + 353. Let l = 19 - 2. What is the remainder when t is divided by l?
14
Let p(c) = -c**2 - c + 1. Let d(n) = n**3 - 4*n**2 - 7*n - 4. Let k(a) = -d(a) - 6*p(a). Calculate the remainder when 95 is divided by k(11).
15
Suppose -5*s + 5*d = -85, -6*s + 5*s = 5*d - 35. Calculate the remainder when 2938 is divided by s.
18
Let g = 2 + 3. Suppose -g*x - 2*u = -7*u - 30, u + 18 = 4*x. Suppose 39 = 3*f + 6. What is the remainder when f is divided by x?
3
Let o = 110 + -108. Suppose -o = 2*p, -6*p = -y - p + 39. What is the remainder when 167 is divided by y?
31
Let p(x) = x**3 - 6*x**2 + 10*x - 22. Let u be p(5). Suppose -u*d - 4*k + 19 = 0, -d - 4*d = 5*k - 40. What is the remainder when 23 is divided by d?
10
Let x = -78 + -42. Calculate the remainder when ((-4)/6)/((x/(-1602))/(-10)) is divided by 13.
11
Let q = -1 + -39. Let i = -26 - q. Suppose 3 = -c, -13 = 2*v + 4*c - 51. Calculate the remainder when v is divided by i.
11
Suppose -n + 318 - 68 = -3*x, 2 = -2*x. What is the remainder when n is divided by 36?
31
Let t = -109 - -227. What is the remainder when t is divided by 10?
8
Calculate the remainder when 52 is divided by 16/(-20)*5*-2.
4
Suppose -3*j + 4*b + b + 360 = 0, -472 = -4*j + 4*b. What is the remainder when j is divided by 15?
10
Suppose 0 = -3*y - a + 34, 3*a + 69 = 2*y + 28. Suppose 4*p - 7 = y. What is the remainder when (9/(-2))/(p/(-70)) is divided by 16?
15
Suppose 0*v = -2*v - 2*g - 42, -5*g = 5. Let r = 70 + -26. Calculate the remainder when r is divided by (72/20)/((-6)/v).
8
Suppose u = -u + 8. Suppose 3*y + 69 = 2*j - 2*y, -103 = -u*j + 3*y. Let c(k) = -216*k - 778. Calculate the remainder when c(-4) is divided by j.
20
Suppose 114 = n - 5*j, 0 = -0*n + n - 2*j - 111. What is the remainder when 978 is divided by n?
106
Suppose -2*r - 50 = -48. Let w(k) = -93*k**3 + 4*k**2 + k - 1. What is the remainder when w(r) is divided by 32?
31
What is the remainder when -1*(-6)/(11 - 5) - -67 is divided by 16?
4
What is the remainder when (11 + -160)*(2 - 3) is divided by 47?
8
Suppose 8644 + 3431 = 25*z. What is the remainder when z is divided by 156?
15
Suppose 3*t - 19 = 2*k + 1, -2*k - 4*t = 34. Let c = 6 + k. Calculate the remainder when 35 + 7/(c/(-2)) is divided by 8.
5
Let k(i) = 3*i - 14. Let q be k(10). Calculate the remainder when (17*1)/(8/q) is divided by 19.
15
Suppose 0 = 6*u - 222 + 144. Suppose b = 4*j - 83, -4*b = 3*j + j - 68. Suppose j = -2*s + 7*s. Calculate the remainder when u is divided by s.
1
Let z(l) be the third derivative of -l**6/120 + l**5/6 - 5*l**4/12 + l**3/2 + 9*l**2. Calculate the remainder when z(8) is divided by 9.
6
Suppose 9*d + 27 - 9 = 0. Calculate the remainder when d/4*0 - (-74 - -2) is divided by 15.
12
Let s = 326 - 196. Suppose 4*l = x + 122, s = 3*l + l - 5*x. Suppose 4*u = 3*g + 35, u - 2*g - 12 = 2*g. What is the remainder when l is divided by u?
6
Calculate the remainder when 145 is divided by (1 + 477/(-36))*-4.
47
Let h(s) be the second derivative of -s**4/12 + 5*s**3/2 - 16*s**2 + 54*s. What is the remainder when 40 is divided by h(10)?
4
Suppose -4*z + 3*d + 449 = -0*z, 4*z - 455 = -3*d. Let w be (504/(-54))/((-1)/12). Suppose -w = -6*m + 116. Calculate the remainder when z is divided by m.
37
Let c(j) = 167*j - 5. Suppose 2*o = -n - 2 + 11, 5*o + 5*n - 20 = 0. Let x be c(o). Calculate the remainder when 94 is divided by x/35 + (-2)/(-7).
22
Let y = 472 - 290. Calculate the remainder when y is divided by 47.
41
Let y = -12 - -14. Suppose z = y*z - 5. Suppose 0 = 3*o - 0*r + r - 23, 0 = 2*o + z*r - 11. What is the remainder when o is divided by 5?
3
Let o = -10 - -11. Let g be (o/2 + 0)*-2. Let c(p) = 5*p**2. What is the remainder when 10 is divided by c(g)?
0
Let j(p) = -p**3 + 6*p**2 - 3*p - 3. Suppose 3*h + 9 - 24 = 0. What is the remainder when 25 is divided by j(h)?
4
Let n = -1189 + 1301. What is the remainder when 671 is divided by n?
111
Let q = -16264 + 16281. Let f(d) = 9*d + 6. Let x be f(-5). Let c = 106 + x. What is the remainder when c is divided by q?
16
Suppose -q = -628*w + 629*w - 26, 5*q = w - 14. Suppose 0*z = -5*z + 15. What is the remainder when w is divided by z?
0
Let b(d) = d**3 - 6*d**2 + 17*d + 3. Let i be b(4). Suppose 33*n + 408 = i*n. What is the remainder when n is divided by 15?
8
Let j(x) = 5*x + 9. Suppose 2*f - 202 = -4*i, -2*i + f - 4*f + 99 = 0. Calculate the remainder when i is divided by j(1).
9
Let p = -13 + 62. What is the remainder when p is divided by 28?
21
Let u be 1*(3 - 6) - -90. Let a = u - 61. What is the remainder when 284 is divided by a?
24
Let u = -81 + 77. Let z = 26 + -5. What is the remainder when z is divided by (-5)/((-60)/8)*(-48)/u?
5
Let z = 9 + 4. What is the remainder when (-2*(-19)/4 - -2)*2 is divided by z?
10
Suppose -3*y = 116 - 278. What is the remainder when (-1)/4 + 711/12 is divided by 822/y - (-2)/(-9)?
14
Suppose 15 = j + 2*f, f = j + 